{"id":44,"date":"2017-02-14T21:00:08","date_gmt":"2017-02-14T20:00:08","guid":{"rendered":"http:\/\/weinlabor.at\/wein\/generate\/?page_id=44"},"modified":"2020-09-02T12:06:25","modified_gmt":"2020-09-02T12:06:25","slug":"wahlarzt","status":"publish","type":"page","link":"https:\/\/www.dr-post.at\/praxis\/wahlarzt\/","title":{"rendered":"Wahlarzt &#8211; Psychiater"},"content":{"rendered":"<h2>FREIE ARZTWAHL<\/h2>\n<p>Als Patient hat man in \u00d6sterreich das Recht der freien Arztwahl. Da nur eine begrenzte Zahl an Kassenstellen von den Krankenkassen vergeben werden, sind ein gro\u00dfer Teil der niedergelassenen Fach\u00e4rzte ohne Krankenkassenvertrag t\u00e4tig.\u00a0Ein Arzt, der seinen Beruf in dieser Form aus\u00fcbt, wird als Wahlarzt bezeichnet.<\/p>\n<h2>R\u00dcCKERSTATTUNG DER KOSTEN BIS ZU 80% DURCH DIE KRANKENKASSEN<\/h2>\n<p>Nach Untersuchung und Behandlung wird Ihnen eine vollst\u00e4ndige Rechnung mit genauer Angabe der durchgef\u00fchrten Leistungen und Kosten ausgeh\u00e4ndigt. Diese\u00a0kann nach erfolgter\u00a0Einzahlung bei Ihrer Krankenkasse zur Kostenr\u00fcckerstattung eingereicht werden. Der R\u00fcckerstattungsbetrag liegt aktuell\u00a0je nach Krankenkasse zwischen 50 &#8211; 80 % des Honorares. Eine zus\u00e4tzliche Privatversicherung deckt h\u00e4ufig\u00a0die restlichen Anteile der Kosten\u00a0ab. Um Ihnen die R\u00fcckerstattung zu erleichtern, enth\u00e4lt die Honorarnote ein R\u00fcckerstattungsformular. Sollte es\u00a0Probleme bei der R\u00fcckerstattung durch die Krankenkasse kommen, bitte ich um Ihre R\u00fcckmeldung und bin Ihnen gerne bei einer eventuell notwendigen Kl\u00e4rung behilflich.<\/p>\n<p>Die H\u00f6he des Honorars wird nach der Leistung und dem erforderlichen Zeitaufwand bemessen. F\u00fcr Sie wird ein individueller Behandlungsplan inklusive der voraussichtlichen Kosten erstellt, der ausf\u00fchrlich besprochen wird.<\/p>\n<h2>KURFRISTIGE TERMINE, KEINE WARTEZEITEN, AUSREICHEND ZEIT<\/h2>\n<p>Als ihr Wahlarzt f\u00fcr Psychiatrie und psychotherapeutische Medizin in Innsbruck nehme ich mir viel Zeit f\u00fcr Sie. Mein Sekretariat ist stets bem\u00fcht Ihnen kurzfristige Termine ohne Wartezeit anzubieten.<\/p>\n<p><strong>Ich bitte Sie im Falle einer Terminabsage diese sp\u00e4testens 2 Werktage vorher bekannt zu geben, damit Stornokosten vermieden werden k\u00f6nnen.<\/strong><\/p>\n<p>&nbsp;<\/p>\n<p>&nbsp;<\/p>\n","protected":false},"excerpt":{"rendered":"<p>FREIE ARZTWAHL Als Patient hat man in \u00d6sterreich das Recht der freien Arztwahl. Da nur eine begrenzte Zahl an Kassenstellen von den Krankenkassen vergeben werden, sind ein gro\u00dfer Teil der niedergelassenen Fach\u00e4rzte ohne Krankenkassenvertrag t\u00e4tig.\u00a0Ein Arzt, der seinen Beruf in dieser Form aus\u00fcbt, wird als Wahlarzt bezeichnet. R\u00dcCKERSTATTUNG DER KOSTEN BIS ZU 80% DURCH DIE [&hellip;]<\/p>\n","protected":false},"author":1,"featured_media":0,"parent":0,"menu_order":0,"comment_status":"closed","ping_status":"closed","template":"","meta":{"_et_pb_use_builder":"","_et_pb_old_content":"","_et_gb_content_width":"","footnotes":""},"class_list":["post-44","page","type-page","status-publish","hentry"],"_links":{"self":[{"href":"https:\/\/www.dr-post.at\/praxis\/wp-json\/wp\/v2\/pages\/44","targetHints":{"allow":["GET"]}}],"collection":[{"href":"https:\/\/www.dr-post.at\/praxis\/wp-json\/wp\/v2\/pages"}],"about":[{"href":"https:\/\/www.dr-post.at\/praxis\/wp-json\/wp\/v2\/types\/page"}],"author":[{"embeddable":true,"href":"https:\/\/www.dr-post.at\/praxis\/wp-json\/wp\/v2\/users\/1"}],"replies":[{"embeddable":true,"href":"https:\/\/www.dr-post.at\/praxis\/wp-json\/wp\/v2\/comments?post=44"}],"version-history":[{"count":0,"href":"https:\/\/www.dr-post.at\/praxis\/wp-json\/wp\/v2\/pages\/44\/revisions"}],"wp:attachment":[{"href":"https:\/\/www.dr-post.at\/praxis\/wp-json\/wp\/v2\/media?parent=44"}],"curies":[{"name":"wp","href":"https:\/\/api.w.org\/{rel}","templated":true}]}}